. Let z be o(7). Calculate w(z).
-2
Let m = 156 + -143. Suppose 3*d + 2*d + 2*j = m, 5 = -5*j. Let c(t) = 2*t**2 - 3*t + 6*t + 4 - 4*t**2. Give c(d).
-5
Let l = -7 + -5. Let r(x) be the third derivative of -x**4/24 - 13*x**3/6 - 10*x**2. Determine r(l).
-1
Let l(w) = w**2 - 13*w + 6. Let y be l(13). Let d(h) = y*h + 3*h + 1 + 3*h + 0*h. Calculate d(-1).
-11
Let t(n) = 6*n**3 - n**2 + n - 1. Let i = 1 + -1. Suppose 0 = -8*m + 11*m - 3. Suppose 2*c + 4*k - 1 - 13 = i, k + m = 4*c. What is t(c)?
5
Suppose -r + 4*a + 22 = 0, 0*r = -5*r - 3*a + 18. Let k = r + -4. Let h(p) = 6*p**2 - 2*p**k - p**3 + 0*p**3 + 3 - 3*p + 0*p. What is h(3)?
3
Let d(q) = 11*q**3 - 35*q**2 + 39*q + 21. Let z(w) = -4*w**3 + 12*w**2 - 14*w - 7. Let v(f) = 3*d(f) + 8*z(f). Calculate v(8).
-17
Let q(r) = -r**3 + 5*r**2 + r - 2. Suppose 2*x + 0 - 2 = 0. Let k be (-6)/(-18)*(x + 5). Suppose 3*u + 6 - 37 = -4*y, -k*y + 13 = u. Determine q(u).
3
Suppose -100 = -5*j - 4*r, 3*j + 5*r - 59 = 14. Let o(k) = -k - 7*k**2 + 6*k + k**3 + j - 15. Calculate o(6).
-5
Let a(c) be the third derivative of -1/6*c**4 - 5/6*c**3 + 0*c + 1/60*c**5 + 0 + 12*c**2. What is a(6)?
7
Let a(v) = -v**2 - 2*v - 2. Suppose -3*n + 5*n - 4 = 0, 2*l - 14 = -4*n. Let y(j) = j**2 + 3. Let c be y(0). Suppose -2*m + c*m = -l. Determine a(m).
-5
Let y(v) = v**3 - 358*v**2 + 717*v**2 - 12*v - 370*v**2. Let j(f) = 13*f**2 - 1. Let p be j(1). What is y(p)?
0
Suppose 16 = 4*x - 4*o, -5*x + 0*o = 2*o - 27. Let m(z) = -2*z - 5*z - 13 + x*z + z. Let v = 2 + -8. Give m(v).
-7
Let n be (-30)/6*2*-1. Let y = n + -13. Let x be 0 - (5 + y) - 4. Let p(g) = -g**3 - 7*g**2 - 8*g - 5. Give p(x).
7
Suppose 0 = -a - 3 + 7. Let r(h) be the first derivative of h**4/12 - 2*h**3/3 - 2*h**2 - 9*h + 9. Let v(g) be the first derivative of r(g). What is v(a)?
-4
Let h(z) = -3*z - 5. Let l(q) = -q**2 + 6*q - 5. Let i be l(5). Determine h(i).
-5
Suppose 0 = -5*n - 22 - 8. Let a be ((-68)/51)/(8/n). Let g(t) = 5*t - 1. Give g(a).
4
Let y(d) = 2*d**2 + 16*d + 2. Let p be y(-19). Let q(s) = -9*s**2 + s**3 - p + 2*s + 430 - 3*s. Give q(9).
1
Let j be (15/(-25))/(4/(-40)). Let p(c) = c**2 - 2*c - 8. Calculate p(j).
16
Let d(h) = 115*h**3 - 3*h**2 - 4*h - 7. Let o(q) = -326*q**3 + 9*q**2 + 12*q + 20. Let m(z) = -17*d(z) - 6*o(z). Suppose -3*i = -3 - 9. What is m(i)?
-1
Suppose 0 = -5*k - 5*x, -4*k + 0*x - 2*x + 8 = 0. Let l(r) = -12*r + 39. What is l(k)?
-9
Let k(u) = -2*u**2 + u - 1. Let m(n) = -5*n**2 + 6*n - 4. Let z(w) = 3*k(w) - m(w). What is z(1)?
-3
Let c be 3 + (-27)/(-9) + -1*5. Let k(z) = -2*z**3 - z. Calculate k(c).
-3
Let a be (2/(-3))/(8/(-12)). Let d be 21/12 + a/4. Let s(y) = 2*y - y**2 - 5*y**d + y**2 - 1 + 0*y**2. What is s(1)?
-4
Suppose -38*h + 149 = 35. Let x(c) be the first derivative of c - 1 - 1/3*c**h - c**2. What is x(2)?
-7
Let s(m) = 92 - 182 + 92 + 8*m. Calculate s(2).
18
Let k(f) be the first derivative of f**4/4 + 4*f**3/3 + f**2/2 + 2. Let r be 12/5 - (-4)/(-10). Suppose -5*v - x = 25, r*v + 5*x + 33 = -0*v. Determine k(v).
-4
Let z = 56 - 46. Let r be 3/((-3)/(-3) + 2). Let u be ((-8)/20)/(r/z). Let v(x) = x**3 + 5*x**2 + 5*x + 6. Calculate v(u).
2
Let h(c) be the second derivative of -c**4/12 - 2*c**3/3 - 2*c**2 - 2*c. Suppose 3*f - 3*a = 0, -2*a = 2*f + 2*a - 30. Suppose 5 = -f*q - 10. Calculate h(q).
-1
Let g(b) = 15*b - 15. Let i(h) = 3*h - 9. Let d be i(-5). Let l(n) = 3*n - 3. Let w(s) = d*l(s) + 5*g(s). What is w(3)?
6
Suppose -15*b + 408 = -40*b - 43*b. Let q(x) = -5 - x + 0*x + 1. Determine q(b).
2
Let q(f) be the third derivative of 0*f**3 + 17*f**2 - 1/24*f**4 - 7/60*f**5 + 0 + 0*f. Let i = 1 - 0. Determine q(i).
-8
Suppose -2*l = -4*j, -3*j - l = 10 - 0. Let q be (-30)/6 - -11 - (0 - -2). Let k(r) = -q*r**2 + 2 - 8*r**3 + 18*r**3 - 9*r**3 - 2*r. Give k(j).
-18
Suppose 0 = 7*v - 10*v + 12. Suppose 8 = 5*s - 7. Let a(p) = p**3 + 6 - 4*p + p - s*p - 3*p**2. Determine a(v).
-2
Let k(g) = -5*g - 55 + g**2 - 51 + 105. Determine k(-4).
35
Suppose 42 = 5*p - 2*z - 223, -3*p - 2*z = -143. Let x(j) = 3*j**2 + p - 21 + 2*j**2 - 2*j + j**3 - 29. What is x(-5)?
11
Let a(v) = -5*v**2 + 15*v - 4. Let f be a(2). Let n(o) = -o**2 + 3*o + 12. Calculate n(f).
-6
Let h(f) be the third derivative of -f**7/840 - f**6/360 - f**4/6 + 17*f**3/6 - 15*f**2. Let g(t) be the first derivative of h(t). Calculate g(0).
-4
Let y(v) = -v**3 - 4*v**2 + 3*v + 6. Suppose 4*q + 10 = 2*g, q = 3*g - 5*g - 10. Determine y(q).
-6
Suppose 2*m = 3*m - 14. Let p = m - 1. Let h(q) = -p - 10*q + q + 12. Determine h(-1).
8
Let n(w) = -w**3 - 7*w**2 - 4. Suppose -4*j + 8 - 32 = -4*i, -4*i = -j - 3. Calculate n(j).
-4
Let x(h) = 17*h + 7*h + 17*h - 6 - 36*h + h**2. Give x(-6).
0
Let u = -107 - -111. Let b(x) = -x**3 + 4*x**2 + 4*x - 5. Give b(u).
11
Let h(x) = -x**3 + 11*x**2 + 11*x + 18. Let k(i) = i**3 - 13*i**2 - 28*i - 18. Let a be k(15). Determine h(a).
6
Let c(i) = 3*i**2 - 7*i - 6. Let x(a) = a**2 - a. Suppose -77*h + 72*h + 20 = 0. Let g(t) = h*x(t) - c(t). Determine g(-5).
16
Suppose d - 68 = -3*a, 4*a + 2*d = -a + 115. Let y = -14 + a. Let h(p) = -4*p**2 - 1 + y*p**3 - 14*p**3 + 8*p**3 + p. Give h(4).
3
Let x(h) be the second derivative of -h**3/3 - 25*h**2 - 47*h - 5. Calculate x(-27).
4
Suppose 22 = 4*w - 30. Suppose -2*o + 16 = 2*u, -2*o + w + 18 = 5*u. Let s(c) = c + 1. Calculate s(o).
4
Let k(i) = 9*i + 15. Let m(d) = 5*d + 8. Let j(o) = 6*k(o) - 11*m(o). What is j(5)?
-3
Let t = 428 + 50. Let p(f) = 477*f**3 - f**2 - t*f**3 - 3*f**2 + 2*f + 1. Give p(-2).
-11
Let r(m) = 12*m - 102. Let z be r(9). Let u(y) = -y**2 + 6*y - 8. Determine u(z).
-8
Let l(w) = w - 17. Let d be 196/(-35) - 35/25. Give l(d).
-24
Let q(z) = z + 9. Let l be (-1 - 12/(-3)) + (-68)/(-2). Suppose -2*i = -5*v - 0*i - l, 5 = 5*i. What is q(v)?
2
Let v(g) = 5*g**2 + 8*g + 3. Let j(a) = a**2 + a. Let u(r) = 4*j(r) - v(r). Let z = -268 - -264. Give u(z).
-3
Let k(h) = 124*h**2 + 4*h + 118*h**2 + 118*h**2 - 361*h**2 + 2. Calculate k(7).
-19
Let c(x) = -x**3 + 10*x**2 - 9*x + 1. Suppose -20*h + 18*h + 18 = 0. Give c(h).
1
Let q(p) be the second derivative of p**3/2 - p**2 + 6*p. Let z(f) = -16*f + 9. Let j(g) = 11*q(g) + 2*z(g). Determine j(7).
3
Let x(g) = 2*g**2 + 2*g + 9. Let y(w) = -w**2 + 5*w - 4. Let m(n) = -n**2 + 6*n - 4. Let k(z) = 6*m(z) - 7*y(z). Let h(b) = -7*k(b) + 3*x(b). Give h(-1).
-1
Let w(o) be the first derivative of o**6/360 - o**5/24 - o**4/24 - 4*o**3/3 - 6. Let y(h) be the third derivative of w(h). What is y(4)?
-5
Let l be (42/15)/((-4)/(-10)). Suppose -d = -l*d + 12. Let i(k) = -17*k**d + 8*k**2 + 5*k + 8*k**2 - 7. What is i(5)?
-7
Let u(c) = 8*c**2 + 8*c - 13. Let w(o) = 2*o**2 + 2*o - 3. Let v(b) = -2*u(b) + 9*w(b). Let s be ((-10)/15)/2*9. Calculate v(s).
11
Let x(c) = -2*c**2 - 39*c - 1. Let f(a) = a**2 + 20*a - 1. Let d(l) = -7*f(l) - 4*x(l). Give d(-9).
-52
Let p(x) = -8*x - 86. Let h be p(-11). Let r(m) be the second derivative of m - m**2 + 1/2*m**3 - 1/12*m**4 + 0. Calculate r(h).
0
Let p(l) = 2*l**3 + 6*l**2 + 13*l + 15. Let s(j) = j**3 + 3*j**2 + 7*j + 8. Let b(x) = 6*p(x) - 11*s(x). What is b(-4)?
-18
Let u(x) be the first derivative of x**3/3 + x**2/2 - 23*x - 211. What is u(0)?
-23
Let y(g) = 53*g + 2*g**2 + 0 - 4 - 57*g - 14*g**2 + 2. Give y(-2).
-42
Suppose 0 = -7*p + 2*p - d + 4616, p - 2*d - 932 = 0. Let f(n) = -1 + 921*n - p*n - 5. What is f(-8)?
18
Let i be (2/(-3))/(1/(-3)). Suppose 2 = -o - i*o + h, 0 = -4*o - 2*h + 14. Let y(z) be the second derivative of -4*z**3/3 + z**2/2 + 23*z. Give y(o).
-7
Let w(h) = -h**2 + 2*h - 3. Suppose 4*f - 2*q = -18, -4*f + f = -q + 13. Let s be (6*5/(-20))/(f/(-8)). Calculate w(s).
-18
Let n(f) = -f + 10. Suppose 0 = -2*k - 3*b + 16, b + 0 = -k + 7. Suppose -8*j + k*j = -54. Suppose -3*h = -2*g + 11, j = 2*g + 3*h + h. Calculate n(g).
3
Let t(b) = -2*b**2 + 4*b - 11. Let p(r) = 0*r**2 - 20 - r + 13*r - 12 - 5*r**2. Let n(y) = 3*p(y) - 8*t(y). Let q = 13 - 19. Determine n(q).
4
Suppose 2*b = -5*u - 3*b, -5*u = 3*b - 4. Let k be -1 - -3 - u - -13. Let j = k - 10. Let w(a) = a**3 - 2*a**2 - a + 2. What is w(j)?
8
Let t = 153 + -151. Let q(d) be the first derivative of -4 - 1/2*d**t - 2*d. Calculate q(2).
-4
Let i(q) = -q**3 - 4*q**2 + q + 2. Let g = -194 - -190. What is i(g)?
-2
Let f(a) = 3*a 